{"id":925,"date":"2021-02-18T15:08:18","date_gmt":"2021-02-18T15:08:18","guid":{"rendered":"https:\/\/klbtheme.com\/cosmetsy\/?page_id=925"},"modified":"2024-06-02T12:53:50","modified_gmt":"2024-06-02T12:53:50","slug":"about-us","status":"publish","type":"page","link":"https:\/\/laureate.dz\/?page_id=925","title":{"rendered":"\u00c0 propos de nous"},"content":{"rendered":"\t\t<div data-elementor-type=\"wp-page\" data-elementor-id=\"925\" class=\"elementor elementor-925\">\n\t\t\t\t\t\t<section class=\"elementor-section elementor-top-section elementor-element elementor-element-8bce74f elementor-section-full_width elementor-section-height-default elementor-section-height-default\" data-id=\"8bce74f\" data-element_type=\"section\">\n\t\t\t\t\t\t<div class=\"elementor-container elementor-column-gap-no\">\n\t\t\t\t\t<div class=\"elementor-column elementor-col-100 elementor-top-column elementor-element elementor-element-ef43bb4\" data-id=\"ef43bb4\" data-element_type=\"column\">\n\t\t\t<div class=\"elementor-widget-wrap elementor-element-populated\">\n\t\t\t\t\t\t<div class=\"elementor-element elementor-element-bb82548 elementor-widget elementor-widget-image\" data-id=\"bb82548\" data-element_type=\"widget\" data-widget_type=\"image.default\">\n\t\t\t\t<div class=\"elementor-widget-container\">\n\t\t\t\t\t\t\t\t\t\t\t\t\t\t\t<img fetchpriority=\"high\" decoding=\"async\" width=\"960\" height=\"530\" src=\"https:\/\/laureate.dz\/wp-content\/uploads\/2024\/06\/a-propos-de-nous-1024x565.jpg\" class=\"attachment-large size-large wp-image-44141\" alt=\"\" srcset=\"https:\/\/laureate.dz\/wp-content\/uploads\/2024\/06\/a-propos-de-nous-1024x565.jpg 1024w, https:\/\/laureate.dz\/wp-content\/uploads\/2024\/06\/a-propos-de-nous-300x166.jpg 300w, https:\/\/laureate.dz\/wp-content\/uploads\/2024\/06\/a-propos-de-nous-768x424.jpg 768w, https:\/\/laureate.dz\/wp-content\/uploads\/2024\/06\/a-propos-de-nous-1536x848.jpg 1536w, https:\/\/laureate.dz\/wp-content\/uploads\/2024\/06\/a-propos-de-nous-600x331.jpg 600w, https:\/\/laureate.dz\/wp-content\/uploads\/2024\/06\/a-propos-de-nous-90x50.jpg 90w, https:\/\/laureate.dz\/wp-content\/uploads\/2024\/06\/a-propos-de-nous-64x35.jpg 64w, https:\/\/laureate.dz\/wp-content\/uploads\/2024\/06\/a-propos-de-nous.jpg 1600w\" sizes=\"(max-width: 960px) 100vw, 960px\" \/>\t\t\t\t\t\t\t\t\t\t\t\t\t\t\t<\/div>\n\t\t\t\t<\/div>\n\t\t\t\t\t<\/div>\n\t\t<\/div>\n\t\t\t\t\t<\/div>\n\t\t<\/section>\n\t\t\t\t<section class=\"elementor-section elementor-top-section elementor-element elementor-element-d6499cc elementor-section-stretched elementor-section-boxed elementor-section-height-default elementor-section-height-default\" data-id=\"d6499cc\" data-element_type=\"section\" data-settings=\"{&quot;stretch_section&quot;:&quot;section-stretched&quot;}\">\n\t\t\t\t\t\t<div class=\"elementor-container elementor-column-gap-extended\">\n\t\t\t\t\t<div class=\"elementor-column elementor-col-50 elementor-top-column elementor-element elementor-element-5b412cc\" data-id=\"5b412cc\" data-element_type=\"column\">\n\t\t\t<div class=\"elementor-widget-wrap elementor-element-populated\">\n\t\t\t\t\t\t<div class=\"elementor-element elementor-element-afa15c9 elementor-widget elementor-widget-heading\" data-id=\"afa15c9\" data-element_type=\"widget\" data-widget_type=\"heading.default\">\n\t\t\t\t<div class=\"elementor-widget-container\">\n\t\t\t\t\t<h2 class=\"elementor-heading-title elementor-size-default\">Notre engagement vers la Qualit\u00e9<\/h2>\t\t\t\t<\/div>\n\t\t\t\t<\/div>\n\t\t\t\t<div class=\"elementor-element elementor-element-15dc406 elementor-widget elementor-widget-heading\" data-id=\"15dc406\" data-element_type=\"widget\" data-widget_type=\"heading.default\">\n\t\t\t\t<div class=\"elementor-widget-container\">\n\t\t\t\t\t<p class=\"elementor-heading-title elementor-size-default\">La qualit\u00e9 est la pierre angulaire de notre entreprise. Nous collaborons avec des experts pour d\u00e9velopper des formules avanc\u00e9es, en utilisant les ingr\u00e9dients les plus fins et les technologies de pointe. Chaque produit que nous proposons est soumis \u00e0 des contr\u00f4les de qualit\u00e9 stricts pour garantir une performance exceptionnelle\n<\/p>\t\t\t\t<\/div>\n\t\t\t\t<\/div>\n\t\t\t\t\t<\/div>\n\t\t<\/div>\n\t\t\t\t<div class=\"elementor-column elementor-col-50 elementor-top-column elementor-element elementor-element-2ec76d4\" data-id=\"2ec76d4\" data-element_type=\"column\">\n\t\t\t<div class=\"elementor-widget-wrap elementor-element-populated\">\n\t\t\t\t\t\t<div class=\"elementor-element elementor-element-35e07c9 elementor-widget elementor-widget-heading\" data-id=\"35e07c9\" data-element_type=\"widget\" data-widget_type=\"heading.default\">\n\t\t\t\t<div class=\"elementor-widget-container\">\n\t\t\t\t\t<h2 class=\"elementor-heading-title elementor-size-default\">Plus de deux d\u00e9cennies d'excellence cosm\u00e9tique<\/h2>\t\t\t\t<\/div>\n\t\t\t\t<\/div>\n\t\t\t\t<div class=\"elementor-element elementor-element-b428976 elementor-widget elementor-widget-heading\" data-id=\"b428976\" data-element_type=\"widget\" data-widget_type=\"heading.default\">\n\t\t\t\t<div class=\"elementor-widget-container\">\n\t\t\t\t\t<p class=\"elementor-heading-title elementor-size-default\">Depuis sa fondation en 1994, SARL BOURGEON (produits cosm\u00e9tiques) s'est impos\u00e9e comme un acteur de premier plan dans l'industrie de la fabrication de produits cosm\u00e9tiques notamment les produits capillaires<\/p>\t\t\t\t<\/div>\n\t\t\t\t<\/div>\n\t\t\t\t<div class=\"elementor-element elementor-element-7503ccc elementor-widget elementor-widget-heading\" data-id=\"7503ccc\" data-element_type=\"widget\" data-widget_type=\"heading.default\">\n\t\t\t\t<div class=\"elementor-widget-container\">\n\t\t\t\t\t<p class=\"elementor-heading-title elementor-size-default\">Notre voyage a \u00e9t\u00e9 caract\u00e9ris\u00e9 par l'innovation, la qualit\u00e9 exceptionnelle et l'engagement envers la beaut\u00e9 et le bien-\u00eatre.<\/p>\t\t\t\t<\/div>\n\t\t\t\t<\/div>\n\t\t\t\t\t<\/div>\n\t\t<\/div>\n\t\t\t\t\t<\/div>\n\t\t<\/section>\n\t\t\t\t<section class=\"elementor-section elementor-top-section elementor-element elementor-element-5848ccc elementor-section-content-middle elementor-section-boxed elementor-section-height-default elementor-section-height-default\" data-id=\"5848ccc\" data-element_type=\"section\">\n\t\t\t\t\t\t<div class=\"elementor-container elementor-column-gap-extended\">\n\t\t\t\t\t<div class=\"elementor-column elementor-col-50 elementor-top-column elementor-element elementor-element-2d83ee4\" data-id=\"2d83ee4\" data-element_type=\"column\">\n\t\t\t<div class=\"elementor-widget-wrap elementor-element-populated\">\n\t\t\t\t\t\t<div class=\"elementor-element elementor-element-e17ca44 elementor-widget elementor-widget-heading\" data-id=\"e17ca44\" data-element_type=\"widget\" data-widget_type=\"heading.default\">\n\t\t\t\t<div class=\"elementor-widget-container\">\n\t\t\t\t\t<h2 class=\"elementor-heading-title elementor-size-default\">Notre Histoire<\/h2>\t\t\t\t<\/div>\n\t\t\t\t<\/div>\n\t\t\t\t<div class=\"elementor-element elementor-element-eca1e4b elementor-widget elementor-widget-heading\" data-id=\"eca1e4b\" data-element_type=\"widget\" data-widget_type=\"heading.default\">\n\t\t\t\t<div class=\"elementor-widget-container\">\n\t\t\t\t\t<p class=\"elementor-heading-title elementor-size-default\">L'histoire de SARL BOURGEON (produits cosm\u00e9tiques) est une l\u00e9gende de d\u00e9termination et de passion<\/p>\t\t\t\t<\/div>\n\t\t\t\t<\/div>\n\t\t\t\t<div class=\"elementor-element elementor-element-08926d3 elementor-widget elementor-widget-heading\" data-id=\"08926d3\" data-element_type=\"widget\" data-widget_type=\"heading.default\">\n\t\t\t\t<div class=\"elementor-widget-container\">\n\t\t\t\t\t<p class=\"elementor-heading-title elementor-size-default\">Fond\u00e9e avec une vision claire d'offrir des produits cosm\u00e9tiques de haute qualit\u00e9 qui c\u00e9l\u00e8brent la diversit\u00e9 de la beaut\u00e9, notre entreprise a connu une croissance constante et a \u00e9volu\u00e9 au fil des ann\u00e9es pour devenir une r\u00e9f\u00e9rence dans l'industrie\n<\/p>\t\t\t\t<\/div>\n\t\t\t\t<\/div>\n\t\t\t\t\t<\/div>\n\t\t<\/div>\n\t\t\t\t<div class=\"elementor-column elementor-col-50 elementor-top-column elementor-element elementor-element-48042a0\" data-id=\"48042a0\" data-element_type=\"column\">\n\t\t\t<div class=\"elementor-widget-wrap elementor-element-populated\">\n\t\t\t\t\t\t<div class=\"elementor-element elementor-element-c04ef4a elementor-widget elementor-widget-heading\" data-id=\"c04ef4a\" data-element_type=\"widget\" data-widget_type=\"heading.default\">\n\t\t\t\t<div class=\"elementor-widget-container\">\n\t\t\t\t\t<h2 class=\"elementor-heading-title elementor-size-default\">Notre Gamme de Produits\n<div><br><\/div><\/h2>\t\t\t\t<\/div>\n\t\t\t\t<\/div>\n\t\t\t\t<div class=\"elementor-element elementor-element-87f6a45 elementor-widget elementor-widget-heading\" data-id=\"87f6a45\" data-element_type=\"widget\" data-widget_type=\"heading.default\">\n\t\t\t\t<div class=\"elementor-widget-container\">\n\t\t\t\t\t<p class=\"elementor-heading-title elementor-size-default\">Nos produits cosm\u00e9tiques sont con\u00e7us pour r\u00e9pondre aux besoins uniques de nos clients. Chaque formule est le fruit de recherches approfondies et d'une attention m\u00e9ticuleuse aux d\u00e9tails, garantissant des r\u00e9sultats exceptionnels.<\/p>\t\t\t\t<\/div>\n\t\t\t\t<\/div>\n\t\t\t\t\t<\/div>\n\t\t<\/div>\n\t\t\t\t\t<\/div>\n\t\t<\/section>\n\t\t\t\t<section class=\"elementor-section elementor-top-section elementor-element elementor-element-ecd8a22 elementor-section-content-middle elementor-section-boxed elementor-section-height-default elementor-section-height-default\" data-id=\"ecd8a22\" data-element_type=\"section\">\n\t\t\t\t\t\t<div class=\"elementor-container elementor-column-gap-extended\">\n\t\t\t\t\t<div class=\"elementor-column elementor-col-50 elementor-top-column elementor-element elementor-element-c472bc6\" data-id=\"c472bc6\" data-element_type=\"column\">\n\t\t\t<div class=\"elementor-widget-wrap\">\n\t\t\t\t\t\t\t<\/div>\n\t\t<\/div>\n\t\t\t\t<div class=\"elementor-column elementor-col-25 elementor-top-column elementor-element elementor-element-2eabbc1\" data-id=\"2eabbc1\" data-element_type=\"column\">\n\t\t\t<div class=\"elementor-widget-wrap\">\n\t\t\t\t\t\t\t<\/div>\n\t\t<\/div>\n\t\t\t\t<div class=\"elementor-column elementor-col-25 elementor-top-column elementor-element elementor-element-1be5060\" data-id=\"1be5060\" data-element_type=\"column\">\n\t\t\t<div class=\"elementor-widget-wrap elementor-element-populated\">\n\t\t\t\t\t\t<div class=\"elementor-element elementor-element-e4943e2 elementor-widget elementor-widget-heading\" data-id=\"e4943e2\" data-element_type=\"widget\" data-widget_type=\"heading.default\">\n\t\t\t\t<div class=\"elementor-widget-container\">\n\t\t\t\t\t<h2 class=\"elementor-heading-title elementor-size-default\">Notre Avenir<\/h2>\t\t\t\t<\/div>\n\t\t\t\t<\/div>\n\t\t\t\t<div class=\"elementor-element elementor-element-f1946af elementor-widget elementor-widget-heading\" data-id=\"f1946af\" data-element_type=\"widget\" data-widget_type=\"heading.default\">\n\t\t\t\t<div class=\"elementor-widget-container\">\n\t\t\t\t\t<p class=\"elementor-heading-title elementor-size-default\">L'histoire de SARL BOURGEON (produits cosm\u00e9tiques) est une histoire de r\u00e9ussite et d'innovation, et notre avenir s'annonce tout aussi prometteur. Nous continuerons \u00e0 \u00e9voluer, \u00e0 cr\u00e9er et \u00e0 inspirer la beaut\u00e9, tout en restant fid\u00e8les \u00e0 notre mission de fournir des produits de qualit\u00e9 qui c\u00e9l\u00e8brent la diversit\u00e9 et la confiance en soi.<\/p>\t\t\t\t<\/div>\n\t\t\t\t<\/div>\n\t\t\t\t\t<\/div>\n\t\t<\/div>\n\t\t\t\t\t<\/div>\n\t\t<\/section>\n\t\t\t\t<section class=\"elementor-section elementor-top-section elementor-element elementor-element-d364274 elementor-section-boxed elementor-section-height-default elementor-section-height-default\" data-id=\"d364274\" data-element_type=\"section\">\n\t\t\t\t\t\t<div class=\"elementor-container elementor-column-gap-extended\">\n\t\t\t\t\t<div class=\"elementor-column elementor-col-25 elementor-top-column elementor-element elementor-element-54a3f96\" data-id=\"54a3f96\" data-element_type=\"column\">\n\t\t\t<div class=\"elementor-widget-wrap\">\n\t\t\t\t\t\t\t<\/div>\n\t\t<\/div>\n\t\t\t\t<div class=\"elementor-column elementor-col-25 elementor-top-column elementor-element elementor-element-499ea0e\" data-id=\"499ea0e\" data-element_type=\"column\">\n\t\t\t<div class=\"elementor-widget-wrap elementor-element-populated\">\n\t\t\t\t\t\t<div class=\"elementor-element elementor-element-427e27c elementor-widget elementor-widget-heading\" data-id=\"427e27c\" data-element_type=\"widget\" data-widget_type=\"heading.default\">\n\t\t\t\t<div class=\"elementor-widget-container\">\n\t\t\t\t\t<h2 class=\"elementor-heading-title elementor-size-default\">Merci de votre confiance continue en SARL BOURGEON (produits cosm\u00e9tiques). Nous sommes impatients de vous accompagner dans votre parcours de beaut\u00e9.<\/h2>\t\t\t\t<\/div>\n\t\t\t\t<\/div>\n\t\t\t\t\t<\/div>\n\t\t<\/div>\n\t\t\t\t<div class=\"elementor-column elementor-col-50 elementor-top-column elementor-element elementor-element-10c782b\" data-id=\"10c782b\" data-element_type=\"column\">\n\t\t\t<div class=\"elementor-widget-wrap\">\n\t\t\t\t\t\t\t<\/div>\n\t\t<\/div>\n\t\t\t\t\t<\/div>\n\t\t<\/section>\n\t\t\t\t<\/div>\n\t\t","protected":false},"excerpt":{"rendered":"<p>Notre engagement vers la Qualit\u00e9 La qualit\u00e9 est la pierre angulaire de notre entreprise. Nous collaborons avec des experts pour d\u00e9velopper des formules avanc\u00e9es, en utilisant les ingr\u00e9dients les plus fins et les technologies de pointe. Chaque produit que nous proposons est soumis \u00e0 des contr\u00f4les de qualit\u00e9 stricts pour garantir une performance exceptionnelle Plus<\/p>\n<div class=\"klb-readmore entry-button\"><a class=\"button light alt medium\" href=\"https:\/\/laureate.dz\/?page_id=925\">Read More<\/a><\/div>\n","protected":false},"author":1,"featured_media":0,"parent":0,"menu_order":0,"comment_status":"closed","ping_status":"closed","template":"","meta":{"footnotes":""},"class_list":["post-925","page","type-page","status-publish","hentry"],"_links":{"self":[{"href":"https:\/\/laureate.dz\/index.php?rest_route=\/wp\/v2\/pages\/925","targetHints":{"allow":["GET"]}}],"collection":[{"href":"https:\/\/laureate.dz\/index.php?rest_route=\/wp\/v2\/pages"}],"about":[{"href":"https:\/\/laureate.dz\/index.php?rest_route=\/wp\/v2\/types\/page"}],"author":[{"embeddable":true,"href":"https:\/\/laureate.dz\/index.php?rest_route=\/wp\/v2\/users\/1"}],"replies":[{"embeddable":true,"href":"https:\/\/laureate.dz\/index.php?rest_route=%2Fwp%2Fv2%2Fcomments&post=925"}],"version-history":[{"count":74,"href":"https:\/\/laureate.dz\/index.php?rest_route=\/wp\/v2\/pages\/925\/revisions"}],"predecessor-version":[{"id":44411,"href":"https:\/\/laureate.dz\/index.php?rest_route=\/wp\/v2\/pages\/925\/revisions\/44411"}],"wp:attachment":[{"href":"https:\/\/laureate.dz\/index.php?rest_route=%2Fwp%2Fv2%2Fmedia&parent=925"}],"curies":[{"name":"wp","href":"https:\/\/api.w.org\/{rel}","templated":true}]}}