{"id":21931,"date":"2024-01-24T09:26:15","date_gmt":"2024-01-24T09:26:15","guid":{"rendered":"https:\/\/laureate.dz\/?post_type=product&#038;p=21931"},"modified":"2024-04-20T15:43:12","modified_gmt":"2024-04-20T15:43:12","slug":"poudre-depilatoire-parfumee-au-citron","status":"publish","type":"product","link":"https:\/\/laureate.dz\/?product=poudre-depilatoire-parfumee-au-citron","title":{"rendered":"Poudre d\u00e9pilatoire parfum\u00e9e au citron"},"content":{"rendered":"<h5>\u00a0La poudre d\u00e9pilatoire parfum\u00e9e au citron est une poudre fine qui permet une \u00e9limination efficace des poils et une hydratation profonde de la peau en seulement quelques minutes\u00a0!<\/h5>\n<h4><strong>Mode d\u2019emploi\u00a0<\/strong><\/h4>\n<h5>Dans un bol non m\u00e9tallique, m\u00e9langer la poudre d\u00e9pilatoire LAUREATE avec un peu d\u2019eau jusqu\u2019\u00e0 l\u2019obtention d\u2019une cr\u00e8me onctueuse. Etaler de fa\u00e7on homog\u00e8ne sur la partie \u00e0 \u00e9piler. Laisser agir entre 5 et 10 min. Essuyer le m\u00e9lange en massant d\u00e9licatement, puis rincer abondamment \u00e0 l\u2019eau.<\/h5>\n<p>&nbsp;<\/p>\n","protected":false},"excerpt":{"rendered":"<h4 style=\"text-align: center;\">D\u00e9couvrez notre poudre d\u00e9pilatoire parfum\u00e9e\u00a0! Sa formule unique offre une application facile, laissant la peau lisse et soyeuse. Le parfum d\u00e9licat de notre poudre d\u00e9pilatoire offre une exp\u00e9rience olfactive agr\u00e9able, \u00e9liminant toute sensation de mauvaise odeur pendant l&rsquo;application.<\/h4>\n","protected":false},"featured_media":30281,"comment_status":"open","ping_status":"closed","template":"","meta":[],"product_brand":[],"product_cat":[4491],"product_tag":[],"class_list":{"0":"post-21931","1":"product","2":"type-product","3":"status-publish","4":"has-post-thumbnail","6":"product_cat-poudre-depilatoire-fr","8":"first","9":"instock","10":"shipping-taxable","11":"product-type-simple"},"_links":{"self":[{"href":"https:\/\/laureate.dz\/index.php?rest_route=\/wp\/v2\/product\/21931","targetHints":{"allow":["GET"]}}],"collection":[{"href":"https:\/\/laureate.dz\/index.php?rest_route=\/wp\/v2\/product"}],"about":[{"href":"https:\/\/laureate.dz\/index.php?rest_route=\/wp\/v2\/types\/product"}],"replies":[{"embeddable":true,"href":"https:\/\/laureate.dz\/index.php?rest_route=%2Fwp%2Fv2%2Fcomments&post=21931"}],"version-history":[{"count":2,"href":"https:\/\/laureate.dz\/index.php?rest_route=\/wp\/v2\/product\/21931\/revisions"}],"predecessor-version":[{"id":30351,"href":"https:\/\/laureate.dz\/index.php?rest_route=\/wp\/v2\/product\/21931\/revisions\/30351"}],"wp:featuredmedia":[{"embeddable":true,"href":"https:\/\/laureate.dz\/index.php?rest_route=\/wp\/v2\/media\/30281"}],"wp:attachment":[{"href":"https:\/\/laureate.dz\/index.php?rest_route=%2Fwp%2Fv2%2Fmedia&parent=21931"}],"wp:term":[{"taxonomy":"product_brand","embeddable":true,"href":"https:\/\/laureate.dz\/index.php?rest_route=%2Fwp%2Fv2%2Fproduct_brand&post=21931"},{"taxonomy":"product_cat","embeddable":true,"href":"https:\/\/laureate.dz\/index.php?rest_route=%2Fwp%2Fv2%2Fproduct_cat&post=21931"},{"taxonomy":"product_tag","embeddable":true,"href":"https:\/\/laureate.dz\/index.php?rest_route=%2Fwp%2Fv2%2Fproduct_tag&post=21931"}],"curies":[{"name":"wp","href":"https:\/\/api.w.org\/{rel}","templated":true}]}}